f 17496920.
2, 5, 7, 79, 113
List the prime factors of 6481478.
2, 3240739
List the prime factors of 75282.
2, 3, 12547
What are the prime factors of 230835?
3, 5, 11, 1399
What are the prime factors of 648830?
2, 5, 7, 13, 23, 31
What are the prime factors of 20712668?
2, 139, 37253
List the prime factors of 274563.
3, 10169
List the prime factors of 703693.
59, 11927
List the prime factors of 1492622.
2, 229, 3259
List the prime factors of 291987.
3, 32443
What are the prime factors of 6112787?
89, 68683
List the prime factors of 223786.
2, 111893
List the prime factors of 334652.
2, 83663
What are the prime factors of 13904774?
2, 13, 534799
What are the prime factors of 321423?
3, 19, 5639
List the prime factors of 3242600.
2, 5, 31, 523
List the prime factors of 15426960.
2, 3, 5, 64279
What are the prime factors of 67416?
2, 3, 53
What are the prime factors of 32309?
32309
List the prime factors of 889574.
2, 7, 63541
What are the prime factors of 2356639?
41, 229, 251
What are the prime factors of 259405?
5, 29, 1789
List the prime factors of 1045078.
2, 97, 5387
List the prime factors of 7814873.
11, 710443
List the prime factors of 3472006.
2, 37, 46919
What are the prime factors of 1702321?
1702321
List the prime factors of 37008844.
2, 271, 34141
List the prime factors of 53921.
7, 7703
What are the prime factors of 16474865?
5, 11, 59, 5077
List the prime factors of 3380755.
5, 7, 13799
What are the prime factors of 553516?
2, 71, 1949
What are the prime factors of 2563989?
3, 37, 23099
List the prime factors of 3040917.
3, 11, 43, 2143
List the prime factors of 289085.
5, 17, 19, 179
List the prime factors of 328935.
3, 5, 21929
What are the prime factors of 15315690?
2, 3, 5, 13, 173, 227
List the prime factors of 161372.
2, 40343
List the prime factors of 172791.
3, 73, 263
What are the prime factors of 33157390?
2, 5, 7, 181, 2617
List the prime factors of 2542788.
2, 3, 23, 37, 83
What are the prime factors of 908187?
3, 7, 59, 733
What are the prime factors of 1911985?
5, 127, 3011
List the prime factors of 76885.
5, 15377
What are the prime factors of 86110?
2, 5, 79, 109
List the prime factors of 6134675.
5, 23, 47, 227
What are the prime factors of 551536?
2, 34471
List the prime factors of 4687578.
2, 3, 7, 12401
List the prime factors of 300149.
300149
List the prime factors of 266568.
2, 3, 29, 383
What are the prime factors of 143859?
3, 79, 607
List the prime factors of 167759.
167759
List the prime factors of 19743253.
503, 39251
What are the prime factors of 3814801?
19, 200779
What are the prime factors of 804472?
2, 100559
List the prime factors of 12858654.
2, 3, 2143109
List the prime factors of 2703392.
2, 84481
List the prime factors of 2944078.
2, 313, 4703
What are the prime factors of 617557?
19, 32503
What are the prime factors of 187869?
3, 11, 5693
What are the prime factors of 650527?
47, 13841
What are the prime factors of 1648920?
2, 3, 5, 7, 13, 151
What are the prime factors of 604139?
67, 71, 127
List the prime factors of 94005.
3, 5, 2089
List the prime factors of 14454354.
2, 3, 29, 83071
List the prime factors of 100500.
2, 3, 5, 67
What are the prime factors of 157333?
11, 14303
What are the prime factors of 1604538?
2, 3, 13, 6857
What are the prime factors of 46409?
11, 4219
List the prime factors of 2403726.
2, 3, 13, 30817
List the prime factors of 10082570.
2, 5, 1008257
What are the prime factors of 2441461?
11, 221951
What are the prime factors of 1691964?
2, 3, 43, 1093
What are the prime factors of 57816?
2, 3, 11, 73
What are the prime factors of 5828726?
2, 2914363
What are the prime factors of 180057?
3, 47, 1277
List the prime factors of 209928.
2, 3, 8747
List the prime factors of 2284107.
3, 7, 23, 4729
List the prime factors of 116103.
3, 13, 229
List the prime factors of 1972308.
2, 3, 13, 47, 269
List the prime factors of 9694617.
3, 19, 170081
List the prime factors of 404409.
3, 23, 5861
What are the prime factors of 643680?
2, 3, 5, 149
List the prime factors of 8068486.
2, 59, 101, 677
What are the prime factors of 1712771?
1712771
List the prime factors of 172772.
2, 47, 919
List the prime factors of 4002543.
3, 41, 10847
What are the prime factors of 1804292?
2, 7, 64439
What are the prime factors of 5149698?
2, 3, 331, 2593
List the prime factors of 2000.
2, 5
List the prime factors of 224181.
3, 19, 23
What are the prime factors of 13720219?
29, 167, 2833
What are the prime factors of 113191?
13, 8707
List the prime factors of 1414820.
2, 5, 11, 59, 109
List the prime factors of 2439223.
89, 27407
What are the prime factors of 5873433?
3, 727, 2693
List the prime factors of 1252103.
1252103
List the prime factors of 2713785.
3, 5, 227, 797
What are the prime factors of 7153690?
2, 5, 19, 23, 1637
List the prime factors of 430475.
5, 67, 257
List the prime factors of 4371587.
11, 23, 37, 467
What are the prime factors of 1959897?
3, 43, 15193
What are the prime factors of 221205?
3, 5, 14747
List the prime factors of 249849.
3, 17, 23, 71
List the prime factors of 3567293.
3567293
What are the prime factors of 3863134?
2, 11, 89, 1973
What are the prime factors of 334326?
2, 3, 55721
What are the prime factors of 5065430?
2, 5, 29, 17467
List the prime factors of 2475350.
2, 5, 31, 1597
List the prime factors of 1368209.
19, 107, 673
List the prime factors of 2999152.
2, 13, 14419
List the prime factors of 1886586.
2, 3, 13, 19, 67
What are the prime factors of 276687?
3, 71, 433
List the prime factors of 487086.
2, 3, 81181
What are the prime factors of 1493490?
2, 3, 5, 49783
List the prime factors of 193618.
2, 131, 739
What are the prime factors of 7219715?
5, 19, 75997
List the prime factors of 1493555.
5, 7, 139, 307
List the prime factors of 1431908.
2, 357977
List the prime factors of 188525.
5, 7541
What are the prime factors of 446601?
3, 148867
List the prime factors of 496558.
2, 31, 8009
What are the prime factors of 502147?
281, 1787
What are the prime factors of 23370114?
2, 3, 19, 29, 7069
List the prime factors of 170385.
3, 5, 37, 307
List the prime factors of 774890.
2, 5, 77489
What are the prime factors of 8303295?
3, 5, 7, 11, 13, 79
List the prime factors of 11051465.
5, 29, 199, 383
What are the prime factors of 571498?
2, 285749
List the prime factors of 4021965.
3, 5, 139, 643
List the prime factors of 765153.
3, 17, 1667
List the prime factors of 7772935.
5, 557, 2791
What are the prime factors of 10053782?
2, 53, 94847
What are the prime factors of 4455505?
5, 891101
List the prime factors of 561082.
2, 280541
List the prime factors of 20534573.
19, 1080767
List the prime factors of 451125.
3, 5, 401
What are the prime factors of 9756225?
3, 5, 131, 331
What are the prime factors of 415438?
2, 207719
What are the prime factors of 527727?
3, 175909
List the prime factors of 13916648.
2, 1739581
What are the prime factors of 95522?
2, 7, 6823
What are the prime factors of 7201273?
37, 191, 1019
List the prime factors of 528323.
37, 109, 131
What are the prime factors of 604527?
3, 7, 11, 2617
List the prime factors of 12775782.
2, 3, 31, 68687
List the prime factors of 5136465.
3, 5, 17, 20143
What are the prime factors of 427260?
2, 3, 5, 7121
List the prime factors of 986807.
43, 53, 433
What are the prime factors of 670069?
43, 15583
List the prime factors of 689664.
2, 3, 449
What are the prime factors of 25016465?
5, 1223, 4091
What are the prime factors of 319060?
2, 5, 7, 43, 53
List the prime factors of 4393435.
5, 53, 59, 281
What are the prime factors of 318802?
2, 11, 43, 337
What are the prime factors of 2959396?
2, 11, 103, 653
What are the prime factors of 17916730?
2, 5, 13, 283, 487
What are the prime factors of 907151?
7, 129593
What are the prime factors of 869505?
3, 5, 7, 13
What are the prime factors of 430328?
2, 53791
What are the prime factors of 416894?
2, 59, 3533
What are the prime factors of 700094?
2, 17, 59, 349
What are the prime factors of 752287?
752287
What are the prime factors of 14587970?
2, 5, 439, 3323
What are the prime factors of 1699120?
2, 5, 67, 317
What are the prime factors of 58939?
17, 3467
What are the prime factors of 1820515?
5, 364103
List the prime factors of 217268.
2, 29, 1873
What are